{"id":50,"date":"2023-01-30T20:00:23","date_gmt":"2023-01-30T20:00:23","guid":{"rendered":"https:\/\/protopopiatebn.ro\/?page_id=50"},"modified":"2023-04-12T12:34:26","modified_gmt":"2023-04-12T12:34:26","slug":"protopopiat-rodna","status":"publish","type":"page","link":"https:\/\/www.protopopiatebn.ro\/index.php\/protopopiat-rodna\/","title":{"rendered":"RODNA"},"content":{"rendered":"\n<p class=\"has-text-align-center\">ISTORIC VICARIATUL FORANEU RODNA<\/p>\n\n\n<div class=\"wp-block-image\">\n<figure class=\"aligncenter size-large is-resized\"><img loading=\"lazy\" decoding=\"async\" src=\"https:\/\/protopopiatebn.ro\/wp-content\/uploads\/2023\/04\/Biserica-greco-catolica-Sangeorz-Bai-BN-667x1024.jpg\" alt=\"Biserica Greco-Catolic\u0103 \u201dSf. Gheorghe\u201d S\u00e2ngeorz-B\u0103i\" class=\"wp-image-178\" width=\"334\" height=\"512\" srcset=\"https:\/\/www.protopopiatebn.ro\/wp-content\/uploads\/2023\/04\/Biserica-greco-catolica-Sangeorz-Bai-BN-667x1024.jpg 667w, https:\/\/www.protopopiatebn.ro\/wp-content\/uploads\/2023\/04\/Biserica-greco-catolica-Sangeorz-Bai-BN-195x300.jpg 195w, https:\/\/www.protopopiatebn.ro\/wp-content\/uploads\/2023\/04\/Biserica-greco-catolica-Sangeorz-Bai-BN-768x1179.jpg 768w, https:\/\/www.protopopiatebn.ro\/wp-content\/uploads\/2023\/04\/Biserica-greco-catolica-Sangeorz-Bai-BN-1000x1536.jpg 1000w, https:\/\/www.protopopiatebn.ro\/wp-content\/uploads\/2023\/04\/Biserica-greco-catolica-Sangeorz-Bai-BN.jpg 1042w\" sizes=\"auto, (max-width: 334px) 100vw, 334px\" \/><figcaption class=\"wp-element-caption\"><strong>Biserica Greco-Catolic\u0103 <br>\u201dSf. Gheorghe\u201d S\u00e2ngeorz-B\u0103i<\/strong><\/figcaption><\/figure>\n<\/div>\n\n\n<p>\u00cen anul <a href=\"https:\/\/ro.wikipedia.org\/wiki\/1786\">1786<\/a>, \u00een timpul protopopului <a href=\"https:\/\/ro.wikipedia.org\/wiki\/Ioan_Para\">Ioan Para<\/a>, prin decretul imperial al \u00eemp\u0103ratului <a href=\"https:\/\/ro.wikipedia.org\/wiki\/Iosif_al_II-lea,_%C3%8Emp%C4%83rat_Roman\">Iosif al II-lea<\/a> de la Viena, a fost \u00eenfiin\u021bat Vicariatul Rodnei. Vicariatul a cuprins ini\u021bial 39 din cele 44 de comune gr\u0103nicere\u0219ti, iar ulterior num\u0103rul comunelor a ajuns la 46. \u00cen jurisdic\u021bia sa a intrat \u0219i protopopiatul greco-catolic al <a href=\"https:\/\/ro.wikipedia.org\/wiki\/Bistri%C8%9Ba\">Bistri\u021bei<\/a>, \u00eenfiin\u021bat \u00een anul 1780, precum \u0219i cel al Budacului.<\/p>\n\n\n\n<p>Vicariatul, numit \u00eentotdeauna \u00een actele emise de oficiul vicarial \u201eal Rodnei\u201d, dup\u0103 vechiul centru al zonei, a avut sediul \u00een <a href=\"https:\/\/ro.wikipedia.org\/wiki\/N%C4%83s%C4%83ud\">N\u0103s\u0103ud<\/a>, localitatea \u00een care \u00ee\u0219i avea stabilit\u0103 re\u0219edin\u021ba <a href=\"https:\/\/ro.wikipedia.org\/wiki\/Regimentul_II_de_Grani%C8%9B%C4%83_de_la_N%C4%83s%C4%83ud\">Regimentul de grani\u021b\u0103<\/a>. \u00cen perioada de la sf\u00e2r\u0219itul secolului al XVIII-lea \u0219i prima jum\u0103tate a secolului al XIX-lea p\u00e2n\u0103 la desfiin\u021barea regimentului gr\u0103niceresc (1851) au fost vicari Ioan Halmaghi, Ioan Neme\u0219, Ioan Marian \u0219i Macedon Pop.<sup><a href=\"https:\/\/ro.wikipedia.org\/wiki\/Vicariatul_Rodnei#cite_note-1\">[1]<\/a><\/sup> Demnitatea vicarial\u0103 conferea titularilor s\u0103i statutul de suplinitor al episcopului \u00een teritoriu, bucur\u00e2ndu-se astfel de o \u00eent\u00e2ietate onorific\u0103, dar \u0219i canonic\u0103 fa\u021b\u0103 de ceilal\u021bi protopopi.<\/p>\n\n\n\n<p>\u00cen <a href=\"https:\/\/ro.wikipedia.org\/wiki\/1853\">1853<\/a>, <a href=\"https:\/\/ro.wikipedia.org\/wiki\/Episcopia_de_F%C4%83g%C4%83ra%C8%99\">Episcopia de F\u0103g\u0103ra\u0219 ,<\/a> cu sediul la Blaj, a fost ridicat\u0103 la rangul de arhiepiscopie, devenind totodat\u0103 \u0219i sediul noii Mitropolii greco-catolice. Tot \u00een 1853 au mai fost \u00eenfiin\u021bate alte dou\u0103 episcopii greco-catolice, sufragane Blajului, cea de Lugoj \u0219i cea de Gherla. Vicariatul Rodnei a intrat astfel \u00een componen\u021ba nou \u00eenfiin\u021batei <a href=\"https:\/\/ro.wikipedia.org\/wiki\/Episcopia_de_Gherla\">Episcopii de Gherla<\/a>.<\/p>\n\n\n\n<p>Satele din zona Bistri\u021bei, de \u201edup\u0103 Dealul T\u00e2rgului\u201d, erau constituite \u00eentr-un protopopiat al Budacului, subordonat Vicariatului Rodnei, cu sediul la N\u0103s\u0103ud. Unul dintre protopopii remarcabili ai Bistri\u021bei a fost <a href=\"https:\/\/ro.wikipedia.org\/wiki\/Gherasim_Domide\">Gherasim Domide<\/a>, semnatar al <em>Memorandumului<\/em> rom\u00e2nilor ardeleni de la sf\u00e2r\u0219itul secolului al XIX-lea. Cea mai cunoscut\u0103 \u0219i de faim\u0103 \u0219coal\u0103 greco-catolic\u0103 rom\u00e2neasc\u0103 din zon\u0103 a fost Gimnaziul superior gr\u0103niceresc de la N\u0103s\u0103ud (1863), devenit ulterior liceul, iar ast\u0103zi, Colegiul Na\u021bional &#8222;George Co\u0219buc&#8221;. \u00cen timpul c\u00e2t a func\u021bionat districtul autonom al N\u0103s\u0103udului \u0219i dup\u0103 arondarea administrativ-eclezial\u0103, la conducerea vicariatului a venit preotul <a href=\"https:\/\/ro.wikipedia.org\/wiki\/Grigore_Moisil_(vicar)\">Grigore Moisil<\/a> (1858-1891), fost paroh al Rodnei \u0219i Tihei-B\u00e2r\u0103ului.<\/p>\n\n\n\n<p>\u00cen anul 1931 Episcopia greco-catolic\u0103 de Gherla a fost reorganizat\u0103 (odat\u0103 cu \u00eenfiin\u021barea Episcopiei greco-catolice a Maramure\u0219ului), sub denumirea de Cluj-Gherla, sediul fiind mutat astfel la Cluj, de c\u0103tre episcopul de atunci, Dr. Iuliu Hossu. Vicariatul Rodnei avea \u00een componen\u021b\u0103, \u00een anul <a href=\"https:\/\/ro.wikipedia.org\/wiki\/1948\">1948<\/a>, 42 de parohii organizate \u00een trei protopopiate, cel al N\u0103s\u0103udului, cel Bistri\u021bei \u0219i cel al Budacului. \u00cen 1948 Biserica Rom\u00e2n\u0103 Unit\u0103, Greco-Catolic\u0103 avea s\u0103 fie scoas\u0103 \u00een afara legii de autorit\u0103\u021bile comuniste, fiindu-i confiscat \u00eentreg patrimoniu, iar bisericile \u0219i casele parohiale au fost preluate de Biserica Ortodox\u0103 Rom\u00e2n\u0103.<\/p>\n\n\n\n<p>Ultimul vicar foraneu, Pr. Simion Pop, protopopul N\u0103s\u0103udului, a fost arestat \u00een data de 27 octombrie 1948, anchetat la <a href=\"https:\/\/ro.wikipedia.org\/wiki\/Securitatea\">Securitatea<\/a> din Bistri\u021ba \u0219i \u00eenchis la penitenciarul din <a href=\"https:\/\/ro.wikipedia.org\/wiki\/Aiud\">Aiud<\/a>. (preluat de pe wikipedia)<\/p>\n","protected":false},"excerpt":{"rendered":"<p>ISTORIC VICARIATUL FORANEU RODNA \u00cen anul 1786, \u00een timpul protopopului Ioan Para, prin decretul imperial al \u00eemp\u0103ratului Iosif al II-lea de la Viena, a fost \u00eenfiin\u021bat Vicariatul Rodnei. Vicariatul a cuprins ini\u021bial 39 din cele 44 de comune gr\u0103nicere\u0219ti, iar ulterior num\u0103rul comunelor a ajuns la 46. \u00cen jurisdic\u021bia sa a intrat \u0219i protopopiatul greco-catolic &#8230; <span class=\"more\"><a class=\"more-link\" href=\"https:\/\/www.protopopiatebn.ro\/index.php\/protopopiat-rodna\/\">[Read more&#8230;]<\/a><\/span><\/p>\n","protected":false},"author":3,"featured_media":0,"parent":0,"menu_order":0,"comment_status":"closed","ping_status":"closed","template":"","meta":{"footnotes":""},"class_list":["entry","page","publish","author-protos","post-50"],"yoast_head":"<!-- This site is optimized with the Yoast SEO plugin v27.4 - https:\/\/yoast.com\/product\/yoast-seo-wordpress\/ -->\n<title>RODNA - PROTOPOPIATELE GRECO-CATOLICE BECLEAN, BISTRI\u021aA \u0218I RODNA<\/title>\n<meta name=\"robots\" content=\"index, follow, max-snippet:-1, max-image-preview:large, max-video-preview:-1\" \/>\n<link rel=\"canonical\" href=\"https:\/\/www.protopopiatebn.ro\/index.php\/protopopiat-rodna\/\" \/>\n<meta property=\"og:locale\" content=\"ro_RO\" \/>\n<meta property=\"og:type\" content=\"article\" \/>\n<meta property=\"og:title\" content=\"RODNA - PROTOPOPIATELE GRECO-CATOLICE BECLEAN, BISTRI\u021aA \u0218I RODNA\" \/>\n<meta property=\"og:description\" content=\"ISTORIC VICARIATUL FORANEU RODNA \u00cen anul 1786, \u00een timpul protopopului Ioan Para, prin decretul imperial al \u00eemp\u0103ratului Iosif al II-lea de la Viena, a fost \u00eenfiin\u021bat Vicariatul Rodnei. Vicariatul a cuprins ini\u021bial 39 din cele 44 de comune gr\u0103nicere\u0219ti, iar ulterior num\u0103rul comunelor a ajuns la 46. \u00cen jurisdic\u021bia sa a intrat \u0219i protopopiatul greco-catolic ... [Read more...]\" \/>\n<meta property=\"og:url\" content=\"https:\/\/www.protopopiatebn.ro\/index.php\/protopopiat-rodna\/\" \/>\n<meta property=\"og:site_name\" content=\"PROTOPOPIATELE GRECO-CATOLICE BECLEAN, BISTRI\u021aA \u0218I RODNA\" \/>\n<meta property=\"article:modified_time\" content=\"2023-04-12T12:34:26+00:00\" \/>\n<meta property=\"og:image\" content=\"https:\/\/protopopiatebn.ro\/wp-content\/uploads\/2023\/04\/Biserica-greco-catolica-Sangeorz-Bai-BN-667x1024.jpg\" \/>\n<meta name=\"twitter:card\" content=\"summary_large_image\" \/>\n<meta name=\"twitter:label1\" content=\"Timp estimat pentru citire\" \/>\n\t<meta name=\"twitter:data1\" content=\"3 minute\" \/>\n<script type=\"application\/ld+json\" class=\"yoast-schema-graph\">{\"@context\":\"https:\\\/\\\/schema.org\",\"@graph\":[{\"@type\":\"WebPage\",\"@id\":\"https:\\\/\\\/www.protopopiatebn.ro\\\/index.php\\\/protopopiat-rodna\\\/\",\"url\":\"https:\\\/\\\/www.protopopiatebn.ro\\\/index.php\\\/protopopiat-rodna\\\/\",\"name\":\"RODNA - PROTOPOPIATELE GRECO-CATOLICE BECLEAN, BISTRI\u021aA \u0218I RODNA\",\"isPartOf\":{\"@id\":\"https:\\\/\\\/www.protopopiatebn.ro\\\/#website\"},\"primaryImageOfPage\":{\"@id\":\"https:\\\/\\\/www.protopopiatebn.ro\\\/index.php\\\/protopopiat-rodna\\\/#primaryimage\"},\"image\":{\"@id\":\"https:\\\/\\\/www.protopopiatebn.ro\\\/index.php\\\/protopopiat-rodna\\\/#primaryimage\"},\"thumbnailUrl\":\"https:\\\/\\\/protopopiatebn.ro\\\/wp-content\\\/uploads\\\/2023\\\/04\\\/Biserica-greco-catolica-Sangeorz-Bai-BN-667x1024.jpg\",\"datePublished\":\"2023-01-30T20:00:23+00:00\",\"dateModified\":\"2023-04-12T12:34:26+00:00\",\"breadcrumb\":{\"@id\":\"https:\\\/\\\/www.protopopiatebn.ro\\\/index.php\\\/protopopiat-rodna\\\/#breadcrumb\"},\"inLanguage\":\"ro-RO\",\"potentialAction\":[{\"@type\":\"ReadAction\",\"target\":[\"https:\\\/\\\/www.protopopiatebn.ro\\\/index.php\\\/protopopiat-rodna\\\/\"]}]},{\"@type\":\"ImageObject\",\"inLanguage\":\"ro-RO\",\"@id\":\"https:\\\/\\\/www.protopopiatebn.ro\\\/index.php\\\/protopopiat-rodna\\\/#primaryimage\",\"url\":\"https:\\\/\\\/protopopiatebn.ro\\\/wp-content\\\/uploads\\\/2023\\\/04\\\/Biserica-greco-catolica-Sangeorz-Bai-BN-667x1024.jpg\",\"contentUrl\":\"https:\\\/\\\/protopopiatebn.ro\\\/wp-content\\\/uploads\\\/2023\\\/04\\\/Biserica-greco-catolica-Sangeorz-Bai-BN-667x1024.jpg\"},{\"@type\":\"BreadcrumbList\",\"@id\":\"https:\\\/\\\/www.protopopiatebn.ro\\\/index.php\\\/protopopiat-rodna\\\/#breadcrumb\",\"itemListElement\":[{\"@type\":\"ListItem\",\"position\":1,\"name\":\"Home\",\"item\":\"https:\\\/\\\/www.protopopiatebn.ro\\\/\"},{\"@type\":\"ListItem\",\"position\":2,\"name\":\"RODNA\"}]},{\"@type\":\"WebSite\",\"@id\":\"https:\\\/\\\/www.protopopiatebn.ro\\\/#website\",\"url\":\"https:\\\/\\\/www.protopopiatebn.ro\\\/\",\"name\":\"PROTOPOPIATELE GRECO-CATOLICE BECLEAN, BISTRI\u021aA \u0218I RODNA\",\"description\":\"\",\"potentialAction\":[{\"@type\":\"SearchAction\",\"target\":{\"@type\":\"EntryPoint\",\"urlTemplate\":\"https:\\\/\\\/www.protopopiatebn.ro\\\/?s={search_term_string}\"},\"query-input\":{\"@type\":\"PropertyValueSpecification\",\"valueRequired\":true,\"valueName\":\"search_term_string\"}}],\"inLanguage\":\"ro-RO\"}]}<\/script>\n<!-- \/ Yoast SEO plugin. -->","yoast_head_json":{"title":"RODNA - PROTOPOPIATELE GRECO-CATOLICE BECLEAN, BISTRI\u021aA \u0218I RODNA","robots":{"index":"index","follow":"follow","max-snippet":"max-snippet:-1","max-image-preview":"max-image-preview:large","max-video-preview":"max-video-preview:-1"},"canonical":"https:\/\/www.protopopiatebn.ro\/index.php\/protopopiat-rodna\/","og_locale":"ro_RO","og_type":"article","og_title":"RODNA - PROTOPOPIATELE GRECO-CATOLICE BECLEAN, BISTRI\u021aA \u0218I RODNA","og_description":"ISTORIC VICARIATUL FORANEU RODNA \u00cen anul 1786, \u00een timpul protopopului Ioan Para, prin decretul imperial al \u00eemp\u0103ratului Iosif al II-lea de la Viena, a fost \u00eenfiin\u021bat Vicariatul Rodnei. Vicariatul a cuprins ini\u021bial 39 din cele 44 de comune gr\u0103nicere\u0219ti, iar ulterior num\u0103rul comunelor a ajuns la 46. \u00cen jurisdic\u021bia sa a intrat \u0219i protopopiatul greco-catolic ... [Read more...]","og_url":"https:\/\/www.protopopiatebn.ro\/index.php\/protopopiat-rodna\/","og_site_name":"PROTOPOPIATELE GRECO-CATOLICE BECLEAN, BISTRI\u021aA \u0218I RODNA","article_modified_time":"2023-04-12T12:34:26+00:00","og_image":[{"url":"https:\/\/protopopiatebn.ro\/wp-content\/uploads\/2023\/04\/Biserica-greco-catolica-Sangeorz-Bai-BN-667x1024.jpg","type":"","width":"","height":""}],"twitter_card":"summary_large_image","twitter_misc":{"Timp estimat pentru citire":"3 minute"},"schema":{"@context":"https:\/\/schema.org","@graph":[{"@type":"WebPage","@id":"https:\/\/www.protopopiatebn.ro\/index.php\/protopopiat-rodna\/","url":"https:\/\/www.protopopiatebn.ro\/index.php\/protopopiat-rodna\/","name":"RODNA - PROTOPOPIATELE GRECO-CATOLICE BECLEAN, BISTRI\u021aA \u0218I RODNA","isPartOf":{"@id":"https:\/\/www.protopopiatebn.ro\/#website"},"primaryImageOfPage":{"@id":"https:\/\/www.protopopiatebn.ro\/index.php\/protopopiat-rodna\/#primaryimage"},"image":{"@id":"https:\/\/www.protopopiatebn.ro\/index.php\/protopopiat-rodna\/#primaryimage"},"thumbnailUrl":"https:\/\/protopopiatebn.ro\/wp-content\/uploads\/2023\/04\/Biserica-greco-catolica-Sangeorz-Bai-BN-667x1024.jpg","datePublished":"2023-01-30T20:00:23+00:00","dateModified":"2023-04-12T12:34:26+00:00","breadcrumb":{"@id":"https:\/\/www.protopopiatebn.ro\/index.php\/protopopiat-rodna\/#breadcrumb"},"inLanguage":"ro-RO","potentialAction":[{"@type":"ReadAction","target":["https:\/\/www.protopopiatebn.ro\/index.php\/protopopiat-rodna\/"]}]},{"@type":"ImageObject","inLanguage":"ro-RO","@id":"https:\/\/www.protopopiatebn.ro\/index.php\/protopopiat-rodna\/#primaryimage","url":"https:\/\/protopopiatebn.ro\/wp-content\/uploads\/2023\/04\/Biserica-greco-catolica-Sangeorz-Bai-BN-667x1024.jpg","contentUrl":"https:\/\/protopopiatebn.ro\/wp-content\/uploads\/2023\/04\/Biserica-greco-catolica-Sangeorz-Bai-BN-667x1024.jpg"},{"@type":"BreadcrumbList","@id":"https:\/\/www.protopopiatebn.ro\/index.php\/protopopiat-rodna\/#breadcrumb","itemListElement":[{"@type":"ListItem","position":1,"name":"Home","item":"https:\/\/www.protopopiatebn.ro\/"},{"@type":"ListItem","position":2,"name":"RODNA"}]},{"@type":"WebSite","@id":"https:\/\/www.protopopiatebn.ro\/#website","url":"https:\/\/www.protopopiatebn.ro\/","name":"PROTOPOPIATELE GRECO-CATOLICE BECLEAN, BISTRI\u021aA \u0218I RODNA","description":"","potentialAction":[{"@type":"SearchAction","target":{"@type":"EntryPoint","urlTemplate":"https:\/\/www.protopopiatebn.ro\/?s={search_term_string}"},"query-input":{"@type":"PropertyValueSpecification","valueRequired":true,"valueName":"search_term_string"}}],"inLanguage":"ro-RO"}]}},"_links":{"self":[{"href":"https:\/\/www.protopopiatebn.ro\/index.php\/wp-json\/wp\/v2\/pages\/50","targetHints":{"allow":["GET"]}}],"collection":[{"href":"https:\/\/www.protopopiatebn.ro\/index.php\/wp-json\/wp\/v2\/pages"}],"about":[{"href":"https:\/\/www.protopopiatebn.ro\/index.php\/wp-json\/wp\/v2\/types\/page"}],"author":[{"embeddable":true,"href":"https:\/\/www.protopopiatebn.ro\/index.php\/wp-json\/wp\/v2\/users\/3"}],"replies":[{"embeddable":true,"href":"https:\/\/www.protopopiatebn.ro\/index.php\/wp-json\/wp\/v2\/comments?post=50"}],"version-history":[{"count":7,"href":"https:\/\/www.protopopiatebn.ro\/index.php\/wp-json\/wp\/v2\/pages\/50\/revisions"}],"predecessor-version":[{"id":183,"href":"https:\/\/www.protopopiatebn.ro\/index.php\/wp-json\/wp\/v2\/pages\/50\/revisions\/183"}],"wp:attachment":[{"href":"https:\/\/www.protopopiatebn.ro\/index.php\/wp-json\/wp\/v2\/media?parent=50"}],"curies":[{"name":"wp","href":"https:\/\/api.w.org\/{rel}","templated":true}]}}