{"id":48,"date":"2023-01-30T20:00:00","date_gmt":"2023-01-30T20:00:00","guid":{"rendered":"https:\/\/protopopiatebn.ro\/?page_id=48"},"modified":"2025-02-27T16:31:52","modified_gmt":"2025-02-27T14:31:52","slug":"protopopiat-bistrita","status":"publish","type":"page","link":"https:\/\/www.protopopiatebn.ro\/index.php\/protopopiat-bistrita\/","title":{"rendered":"BISTRI\u021aA"},"content":{"rendered":"\n<p class=\"has-text-align-center\">ISTORIC PROTOPOPIAT GRECO-CATOLIC BISTRI\u021aA<\/p>\n\n\n<div class=\"wp-block-image\">\n<figure class=\"aligncenter size-full is-resized\"><img loading=\"lazy\" decoding=\"async\" src=\"https:\/\/protopopiatebn.ro\/wp-content\/uploads\/2023\/04\/bistrita.jpg\" alt=\"\" class=\"wp-image-173\" width=\"295\" height=\"477\" srcset=\"https:\/\/www.protopopiatebn.ro\/wp-content\/uploads\/2023\/04\/bistrita.jpg 295w, https:\/\/www.protopopiatebn.ro\/wp-content\/uploads\/2023\/04\/bistrita-186x300.jpg 186w\" sizes=\"auto, (max-width: 295px) 100vw, 295px\" \/><figcaption class=\"wp-element-caption\">Biserica Greco-Catolic\u0103<br> \u201dBuna Vestire\u201d<\/figcaption><\/figure>\n<\/div>\n\n\n<p>Denumirea oficial\u0103 a institu\u0163iei a fost Protopopiatul greco-catolic Bistri\u0163a. Acesta s-a \u00eenfiin\u0163at \u00een anul 1780.<br>Construirea de biserici depindea nu numai de posibilit\u0103\u0163ile financiare ale comunit\u0103\u0163ilor rom\u00e2ne\u015fti, ci \u015fi de pozi\u0163ia autorit\u0103\u0163ilor s\u0103se\u015fti, ostile, \u00een general, ini\u0163iativelor rom\u00e2nilor de a-\u015fi ridica propriile biserici. Sa\u015fii erau un grup privilegiat. Apari\u0163ia unui alt grup privilegiat, cum erau greco-catolicii i-a f\u0103cut pe sa\u015fi s\u0103 se simt\u0103 amenin\u0163a\u0163i c\u0103 \u00ee\u015fi vor pierde din \u201edrepturile\u201d lor exclusive. Este posibil \u00eens\u0103 ca reac\u0163ia s\u0103seasc\u0103 s\u0103 se fi produs ca urmare a presiunilor venite din partea autorit\u0103\u0163ilor superioare \u015fi nu ca urmare a memoriilor rom\u00e2nilor. Se \u015ftie c\u0103 Guberniul Transilvaniei era dominat de nobili calvini. Sa\u015fii nu permiteau rom\u00e2nilor din Bistri\u0163a \u015fi din satele s\u0103se\u015fti din jur s\u0103-\u015fi cl\u0103deasc\u0103 biserici, nici m\u0103car cu pere\u0163i de nuiele \u015fi nici se le repare pe cele ruinate. \u00cen aceste condi\u0163ii Protopopiatul greco-catolic Bistri\u0163a s-a \u00eenfiin\u0163at relativ t\u00e2rziu.<br>Actele normative care au reglementat activitatea protopopiatului au fost declara\u0163iile de unire cu biserica Romei din 21 martie \u015fi iunie 1697, 07.10.1698, 05.09.1700, ianuarie 1701, diplomele de unire cu biserica Romei din februarie 1699 \u015fi 19.03.1701.<\/p>\n\n\n\n<p> \u00cen fruntea protopopiatului se afla protopopul. El trebuia s\u0103 viziteze anual parohiile din subordine, s\u0103 se asigure c\u0103 serviciul religios \u015fi catehizarea se desf\u0103\u015foar\u0103 dup\u0103 prescrip\u0163iile episcopale, s\u0103 vegheze ca ordinele episcopale s\u0103 se respecte, s\u0103 primeasc\u0103 \u015fi s\u0103 \u00eenainteze la episcopie cererile \u015fi pl\u00e2ngerile clericilor \u015fi mirenilor, s\u0103 asiste personal sau prin delega\u0163i la examenele \u015fcolare semestriale, s\u0103 \u00eenainteze rezultatele examenelor \u015fcolare la episcopie \u015fi s\u0103 verifice metodele de predare ale \u00eenv\u0103\u0163\u0103torilor, s\u0103 pun\u0103 \u00een dezbaterea adun\u0103rii protopope\u015fti problemele ridicate de episcopie \u015fi s\u0103 raporteze episcopiei despre mi\u015fc\u0103rile confesionale. Cu ocazia vizitei anuale protopopii urm\u0103reau integritatea credin\u0163ei, moralitatea preo\u0163ilor \u015fi mirenilor, d\u0103dea \u00eenv\u0103\u0163\u0103turi dogmatice credincio\u015filor, \u00eendemna p\u0103rin\u0163ii s\u0103-\u015fi trimit\u0103 copiii la \u015fcoal\u0103, verifica \u00eendeplinirea \u00eendatoririlor de c\u0103tre \u00eenv\u0103\u0163\u0103tori, comb\u0103tea p\u0103catele, inspecta starea cl\u0103dirilor \u015fi propriet\u0103\u0163ilor biserice\u015fti-\u015fcolare, verifica actele biserice\u015fti-\u015fcolare. Protopopii aveau dreptul de a convoca \u015fi prezida sinoadele protopope\u015fti, a alege secretarul protopopesc \u015fi judec\u0103torii din forul protopopesc, de a emite actele de cununie, de a instala noii preo\u0163i, de a \u00eenmorm\u00e2nta preo\u0163ii deceda\u0163i, de a dezbate cauze biserice\u015fti, de a se \u00eengriji de administrarea parohiilor vacante, de a lua parte la sinoadele episcopale, de a binecuv\u00e2nta, de a percepe veniturile protopope\u015fti \u015fi de a reprezenta protopopiatul fa\u0163\u0103 de autorit\u0103\u0163ile politice.<\/p>\n\n\n\n<p>El era ajutat \u00een administrarea teritoriului aflat sub jurisdic\u0163ia sa \u015fi \u00een luarea celor mai importante decizii de c\u0103tre sinodul protopopesc. Printre atribu\u0163iile sinodului se num\u0103rau dreptul de alegere a deputa\u0163ilor la sinodul episcopal \u015fi a jura\u0163ilor scaunului protopopesc. Totodat\u0103, sinodul avea jurisdic\u0163ie contencioas\u0103 \u015fi penal\u0103 asupra clerului \u015fi credincio\u015filor din protopopiatului respectiv \u015fi avea obliga\u0163ia de a rezolva anumite cauze administrativ-biserice\u015fti, de a publica deciziile sinodului episcopal \u015fi de a conscrie preo\u0163ii. Sinoadele aveau competen\u0163e \u00een cauze matrimoniale ale credincio\u015filor sau \u00een litigii de proprietate \u015fi probleme morale \u00een care erau implica\u0163i preo\u0163ii. \u00cen a doua jum\u0103tate a secolului al XIX-lea viceprotopopul (vice arhidiaconul) de Bistri\u0163a de\u0163inea \u015fi func\u0163iile de inspector al \u015fcolilor din district, comisar delegat \u00een cauze matrimoniale, membru al Scaunului consistorial diecezan din Gherla \u015fi al Consistoriului subaltern din N\u0103s\u0103ud. El era \u00een acela\u015fi timp parohul comunit\u0103\u0163ii biserice\u015fti greco-catolice din Bistri\u0163a.<br>\u00cen anul 1835 Protopopiatul greco-catolic Bistri\u0163a \u00ee\u015fi exercita autoritatea asupra a 21 parohii \u015fi 15 filii cu 8194 credincio\u015fi, iar \u00een anul 1947 asupra a 27 parohii \u015fi 20 filii cu 23776 credincio\u015fi greco-catolici. \u00cen 1835 \u015fi 1856 toate bisericile din protopopiat erau de lemn. \u00cen anul 1877 dintre cele 20 parohii \u015fi 10 filii ale Protopopiatului greco-catolic Bistri\u0163a doar \u00een parohia Chirale\u0219 exista o biseric\u0103 de piatr\u0103. O biseric\u0103 de piatr\u0103 a fost ridicat\u0103 \u00een comuna \u015eoimu\u015f \u00een anul 1885, iar o alta \u00een anul 1904 la Sebi\u015f. Re\u015fedin\u0163a protopopeasc\u0103 din Bistri\u0163a nu a dispus de o biseric\u0103 din material solid p\u00e2n\u0103 \u00een anul 1895. \u00cen anul 1947 existau 19 biserici de zid, 11 de lemn \u015fi 3 biserici primite \u00een custodie. \u00cen anul 1842 \u00een protopopiat activau 24 preo\u0163i, iar \u00een anul 1947 erau 27 preo\u0163i. Sediul protopopiatului s-a aflat la Bistri\u0163a, dar \u015fi la S\u0103rata \u015fi S\u0103r\u0103\u0163el (\u00eentre 1782-1816; \u00eentre Bistri\u0163a \u015fi S\u0103r\u0103\u0163el exist\u0103 o distan\u0163\u0103 de 13 km) \u015fi \u015eieu-M\u0103gheru\u015f (\u00eentre1824-1825; \u00eentre Bistri\u0163a \u015fi \u015eieu M\u0103gheru\u015f exist\u0103 o distan\u0163\u0103 de 18 km).<br>La jum\u0103tatea secolului al XIX-lea por\u0163iunea canonic\u0103 (p\u0103m\u00e2nturile bisericii aflate \u00een folosin\u0163a preotului) din parohiile Protopopiatului greco-catolic Bistri\u0163a oscila \u00eentre 20 \u015fi 40 de iug\u0103re. Sub 20 de iug\u0103re aveau numai parohiile Bistri\u0163a \u015fi S\u00e2niacob, iar peste 40 de iug\u0103re numai parohiile \u015eieu M\u0103gheru\u015f \u015fi Domne\u015fti. Venitul cadastral (din exploatarea p\u0103m\u00e2ntului) era de 95 florini \u00een parohia Domne\u015fti, 93 florini \u00een \u015eieu M\u0103gheru\u015f, 87 florini la Bistri\u0163a, 78 florini la Feleac, 61 florini la Ardan, 50 florini la Arcalia, 21 florini la \u0162ig\u0103u \u015fi 15 florini la S\u00e2niacob.<br>\u00cen anul 1862 nici una din parohiile Protopopiatului greco-catolic Bistri\u0163a nu presta munc\u0103 \u00een favoarea preotului \u015fi numai 13 parohii din cele 20 ale protopopiatului d\u0103deau preotului c\u00e2te o mier\u0163\u0103 de porumb sau 1-2 mier\u0163e mici de ov\u0103z.<\/p>\n\n\n\n<p>Primul protopop greco-catolic al Bistri\u0163ei a fost Alexandru Fiscuti. El a condus protopopiatul \u00eentre anii 1780-1784. \u00cen perioada 1795-1816 a func\u0163ionat ca preot la Bistri\u0163a viceprotopopul \u015etefan Vlad. El a condus protopopiatul de la S\u0103r\u0103\u0163el. \u00cen perioada 1816-1829 la Bistri\u0163a a activat protopopul Ioan Simoneti. \u00cen intervalul 1829-1867 a activat ca \u015fi viceprotopop la Bistri\u0163a Ioan Maior (originar din Bucerdea). \u00cen anul 1864 protopopul Ioan Maior avea o v\u00e2rst\u0103 \u00eenaintat\u0103, astfel c\u0103 a primit ca \u015fi ajutor pe Alexandru Sila\u015fi (din S\u00e2nnicoara Aurie), ca \u015fi protopop ajut\u0103tor. Dup\u0103 \u00eencetarea din via\u0163\u0103 a lui Ioan Maior \u00een anul 1867, au activat \u00een continuare ca protopopi la Bistri\u0163a \u00eentre 1867-1901 Alexandru Sila\u015fi (n\u0103scut \u00een anul 1834, hirotonit \u00een anul 1862, \u00eencetat din via\u0163\u0103 \u00een anul 1901), \u00een intervalul 1901-1909 Gherasim Domide (n\u0103scut \u00een anul 1856, absolvent al Academiei teologice de la Gherla \u015fi hirotonit \u00een anul 1880, numit \u00een anul 1880 preot cooperator la Rodna, \u00eencetat din via\u0163\u0103 \u00een anul 1909), \u00een perioada 1909-1915 George Stanciu, \u00eentre 1915-1924 Dionisie Vaida, iar \u00eentre anii 1924-1948 Ioan Petringel.<br>Din punctul de vedere al ierarhiei biserice\u015fti protopopiatul se afla pe o treapt\u0103 superioar\u0103 parohiei. La r\u00e2ndul s\u0103u protopopiatul se subordona episcopiei, mitropoliei \u015fi papei de la Roma. \u00cen perioada 1780-1853 protopopiatul a f\u0103cut parte din Episcopia greco-catolic\u0103 de F\u0103g\u0103ra\u015f, iar \u00eentre 1853-1948 din Episcopia greco-catolic\u0103 de Gherla. Din anul 1786 protopopiatul a intrat sub jurisdic\u0163ia formal\u0103 a Vicariatului greco-catolic al Rodnei. Pe o treapt\u0103 superioar\u0103 se aflau Mitropolia greco-catolic\u0103 de Alba Iulia \u015fi F\u0103g\u0103ra\u015f \u015fi papa de la Roma. (preluat de pe siteul arhivelor na\u021bionale)<\/p>\n","protected":false},"excerpt":{"rendered":"<p>ISTORIC PROTOPOPIAT GRECO-CATOLIC BISTRI\u021aA Denumirea oficial\u0103 a institu\u0163iei a fost Protopopiatul greco-catolic Bistri\u0163a. Acesta s-a \u00eenfiin\u0163at \u00een anul 1780.Construirea de biserici depindea nu numai de posibilit\u0103\u0163ile financiare ale comunit\u0103\u0163ilor rom\u00e2ne\u015fti, ci \u015fi de pozi\u0163ia autorit\u0103\u0163ilor s\u0103se\u015fti, ostile, \u00een general, ini\u0163iativelor rom\u00e2nilor de a-\u015fi ridica propriile biserici. Sa\u015fii erau un grup privilegiat. Apari\u0163ia unui alt grup &#8230; <span class=\"more\"><a class=\"more-link\" href=\"https:\/\/www.protopopiatebn.ro\/index.php\/protopopiat-bistrita\/\">[Read more&#8230;]<\/a><\/span><\/p>\n","protected":false},"author":5,"featured_media":0,"parent":0,"menu_order":0,"comment_status":"closed","ping_status":"closed","template":"","meta":{"footnotes":""},"class_list":["entry","page","publish","author-cris","post-48"],"yoast_head":"<!-- This site is optimized with the Yoast SEO plugin v27.6 - https:\/\/yoast.com\/product\/yoast-seo-wordpress\/ -->\n<title>BISTRI\u021aA - PROTOPOPIATELE GRECO-CATOLICE BECLEAN, BISTRI\u021aA \u0218I RODNA<\/title>\n<meta name=\"robots\" content=\"index, follow, max-snippet:-1, max-image-preview:large, max-video-preview:-1\" \/>\n<link rel=\"canonical\" href=\"https:\/\/www.protopopiatebn.ro\/index.php\/protopopiat-bistrita\/\" \/>\n<meta property=\"og:locale\" content=\"ro_RO\" \/>\n<meta property=\"og:type\" content=\"article\" \/>\n<meta property=\"og:title\" content=\"BISTRI\u021aA - PROTOPOPIATELE GRECO-CATOLICE BECLEAN, BISTRI\u021aA \u0218I RODNA\" \/>\n<meta property=\"og:description\" content=\"ISTORIC PROTOPOPIAT GRECO-CATOLIC BISTRI\u021aA Denumirea oficial\u0103 a institu\u0163iei a fost Protopopiatul greco-catolic Bistri\u0163a. Acesta s-a \u00eenfiin\u0163at \u00een anul 1780.Construirea de biserici depindea nu numai de posibilit\u0103\u0163ile financiare ale comunit\u0103\u0163ilor rom\u00e2ne\u015fti, ci \u015fi de pozi\u0163ia autorit\u0103\u0163ilor s\u0103se\u015fti, ostile, \u00een general, ini\u0163iativelor rom\u00e2nilor de a-\u015fi ridica propriile biserici. Sa\u015fii erau un grup privilegiat. Apari\u0163ia unui alt grup ... [Read more...]\" \/>\n<meta property=\"og:url\" content=\"https:\/\/www.protopopiatebn.ro\/index.php\/protopopiat-bistrita\/\" \/>\n<meta property=\"og:site_name\" content=\"PROTOPOPIATELE GRECO-CATOLICE BECLEAN, BISTRI\u021aA \u0218I RODNA\" \/>\n<meta property=\"article:modified_time\" content=\"2025-02-27T14:31:52+00:00\" \/>\n<meta property=\"og:image\" content=\"https:\/\/www.protopopiatebn.ro\/wp-content\/uploads\/2023\/04\/bistrita.jpg\" \/>\n\t<meta property=\"og:image:width\" content=\"295\" \/>\n\t<meta property=\"og:image:height\" content=\"477\" \/>\n\t<meta property=\"og:image:type\" content=\"image\/jpeg\" \/>\n<meta name=\"twitter:card\" content=\"summary_large_image\" \/>\n<meta name=\"twitter:label1\" content=\"Timp estimat pentru citire\" \/>\n\t<meta name=\"twitter:data1\" content=\"6 minute\" \/>\n<script type=\"application\/ld+json\" class=\"yoast-schema-graph\">{\"@context\":\"https:\\\/\\\/schema.org\",\"@graph\":[{\"@type\":\"WebPage\",\"@id\":\"https:\\\/\\\/www.protopopiatebn.ro\\\/index.php\\\/protopopiat-bistrita\\\/\",\"url\":\"https:\\\/\\\/www.protopopiatebn.ro\\\/index.php\\\/protopopiat-bistrita\\\/\",\"name\":\"BISTRI\u021aA - PROTOPOPIATELE GRECO-CATOLICE BECLEAN, BISTRI\u021aA \u0218I RODNA\",\"isPartOf\":{\"@id\":\"https:\\\/\\\/www.protopopiatebn.ro\\\/#website\"},\"primaryImageOfPage\":{\"@id\":\"https:\\\/\\\/www.protopopiatebn.ro\\\/index.php\\\/protopopiat-bistrita\\\/#primaryimage\"},\"image\":{\"@id\":\"https:\\\/\\\/www.protopopiatebn.ro\\\/index.php\\\/protopopiat-bistrita\\\/#primaryimage\"},\"thumbnailUrl\":\"https:\\\/\\\/protopopiatebn.ro\\\/wp-content\\\/uploads\\\/2023\\\/04\\\/bistrita.jpg\",\"datePublished\":\"2023-01-30T20:00:00+00:00\",\"dateModified\":\"2025-02-27T14:31:52+00:00\",\"breadcrumb\":{\"@id\":\"https:\\\/\\\/www.protopopiatebn.ro\\\/index.php\\\/protopopiat-bistrita\\\/#breadcrumb\"},\"inLanguage\":\"ro-RO\",\"potentialAction\":[{\"@type\":\"ReadAction\",\"target\":[\"https:\\\/\\\/www.protopopiatebn.ro\\\/index.php\\\/protopopiat-bistrita\\\/\"]}]},{\"@type\":\"ImageObject\",\"inLanguage\":\"ro-RO\",\"@id\":\"https:\\\/\\\/www.protopopiatebn.ro\\\/index.php\\\/protopopiat-bistrita\\\/#primaryimage\",\"url\":\"https:\\\/\\\/protopopiatebn.ro\\\/wp-content\\\/uploads\\\/2023\\\/04\\\/bistrita.jpg\",\"contentUrl\":\"https:\\\/\\\/protopopiatebn.ro\\\/wp-content\\\/uploads\\\/2023\\\/04\\\/bistrita.jpg\"},{\"@type\":\"BreadcrumbList\",\"@id\":\"https:\\\/\\\/www.protopopiatebn.ro\\\/index.php\\\/protopopiat-bistrita\\\/#breadcrumb\",\"itemListElement\":[{\"@type\":\"ListItem\",\"position\":1,\"name\":\"Home\",\"item\":\"https:\\\/\\\/www.protopopiatebn.ro\\\/\"},{\"@type\":\"ListItem\",\"position\":2,\"name\":\"BISTRI\u021aA\"}]},{\"@type\":\"WebSite\",\"@id\":\"https:\\\/\\\/www.protopopiatebn.ro\\\/#website\",\"url\":\"https:\\\/\\\/www.protopopiatebn.ro\\\/\",\"name\":\"PROTOPOPIATELE GRECO-CATOLICE BECLEAN, BISTRI\u021aA \u0218I RODNA\",\"description\":\"\",\"potentialAction\":[{\"@type\":\"SearchAction\",\"target\":{\"@type\":\"EntryPoint\",\"urlTemplate\":\"https:\\\/\\\/www.protopopiatebn.ro\\\/?s={search_term_string}\"},\"query-input\":{\"@type\":\"PropertyValueSpecification\",\"valueRequired\":true,\"valueName\":\"search_term_string\"}}],\"inLanguage\":\"ro-RO\"}]}<\/script>\n<!-- \/ Yoast SEO plugin. -->","yoast_head_json":{"title":"BISTRI\u021aA - PROTOPOPIATELE GRECO-CATOLICE BECLEAN, BISTRI\u021aA \u0218I RODNA","robots":{"index":"index","follow":"follow","max-snippet":"max-snippet:-1","max-image-preview":"max-image-preview:large","max-video-preview":"max-video-preview:-1"},"canonical":"https:\/\/www.protopopiatebn.ro\/index.php\/protopopiat-bistrita\/","og_locale":"ro_RO","og_type":"article","og_title":"BISTRI\u021aA - PROTOPOPIATELE GRECO-CATOLICE BECLEAN, BISTRI\u021aA \u0218I RODNA","og_description":"ISTORIC PROTOPOPIAT GRECO-CATOLIC BISTRI\u021aA Denumirea oficial\u0103 a institu\u0163iei a fost Protopopiatul greco-catolic Bistri\u0163a. Acesta s-a \u00eenfiin\u0163at \u00een anul 1780.Construirea de biserici depindea nu numai de posibilit\u0103\u0163ile financiare ale comunit\u0103\u0163ilor rom\u00e2ne\u015fti, ci \u015fi de pozi\u0163ia autorit\u0103\u0163ilor s\u0103se\u015fti, ostile, \u00een general, ini\u0163iativelor rom\u00e2nilor de a-\u015fi ridica propriile biserici. Sa\u015fii erau un grup privilegiat. Apari\u0163ia unui alt grup ... [Read more...]","og_url":"https:\/\/www.protopopiatebn.ro\/index.php\/protopopiat-bistrita\/","og_site_name":"PROTOPOPIATELE GRECO-CATOLICE BECLEAN, BISTRI\u021aA \u0218I RODNA","article_modified_time":"2025-02-27T14:31:52+00:00","og_image":[{"width":295,"height":477,"url":"https:\/\/www.protopopiatebn.ro\/wp-content\/uploads\/2023\/04\/bistrita.jpg","type":"image\/jpeg"}],"twitter_card":"summary_large_image","twitter_misc":{"Timp estimat pentru citire":"6 minute"},"schema":{"@context":"https:\/\/schema.org","@graph":[{"@type":"WebPage","@id":"https:\/\/www.protopopiatebn.ro\/index.php\/protopopiat-bistrita\/","url":"https:\/\/www.protopopiatebn.ro\/index.php\/protopopiat-bistrita\/","name":"BISTRI\u021aA - PROTOPOPIATELE GRECO-CATOLICE BECLEAN, BISTRI\u021aA \u0218I RODNA","isPartOf":{"@id":"https:\/\/www.protopopiatebn.ro\/#website"},"primaryImageOfPage":{"@id":"https:\/\/www.protopopiatebn.ro\/index.php\/protopopiat-bistrita\/#primaryimage"},"image":{"@id":"https:\/\/www.protopopiatebn.ro\/index.php\/protopopiat-bistrita\/#primaryimage"},"thumbnailUrl":"https:\/\/protopopiatebn.ro\/wp-content\/uploads\/2023\/04\/bistrita.jpg","datePublished":"2023-01-30T20:00:00+00:00","dateModified":"2025-02-27T14:31:52+00:00","breadcrumb":{"@id":"https:\/\/www.protopopiatebn.ro\/index.php\/protopopiat-bistrita\/#breadcrumb"},"inLanguage":"ro-RO","potentialAction":[{"@type":"ReadAction","target":["https:\/\/www.protopopiatebn.ro\/index.php\/protopopiat-bistrita\/"]}]},{"@type":"ImageObject","inLanguage":"ro-RO","@id":"https:\/\/www.protopopiatebn.ro\/index.php\/protopopiat-bistrita\/#primaryimage","url":"https:\/\/protopopiatebn.ro\/wp-content\/uploads\/2023\/04\/bistrita.jpg","contentUrl":"https:\/\/protopopiatebn.ro\/wp-content\/uploads\/2023\/04\/bistrita.jpg"},{"@type":"BreadcrumbList","@id":"https:\/\/www.protopopiatebn.ro\/index.php\/protopopiat-bistrita\/#breadcrumb","itemListElement":[{"@type":"ListItem","position":1,"name":"Home","item":"https:\/\/www.protopopiatebn.ro\/"},{"@type":"ListItem","position":2,"name":"BISTRI\u021aA"}]},{"@type":"WebSite","@id":"https:\/\/www.protopopiatebn.ro\/#website","url":"https:\/\/www.protopopiatebn.ro\/","name":"PROTOPOPIATELE GRECO-CATOLICE BECLEAN, BISTRI\u021aA \u0218I RODNA","description":"","potentialAction":[{"@type":"SearchAction","target":{"@type":"EntryPoint","urlTemplate":"https:\/\/www.protopopiatebn.ro\/?s={search_term_string}"},"query-input":{"@type":"PropertyValueSpecification","valueRequired":true,"valueName":"search_term_string"}}],"inLanguage":"ro-RO"}]}},"_links":{"self":[{"href":"https:\/\/www.protopopiatebn.ro\/index.php\/wp-json\/wp\/v2\/pages\/48","targetHints":{"allow":["GET"]}}],"collection":[{"href":"https:\/\/www.protopopiatebn.ro\/index.php\/wp-json\/wp\/v2\/pages"}],"about":[{"href":"https:\/\/www.protopopiatebn.ro\/index.php\/wp-json\/wp\/v2\/types\/page"}],"author":[{"embeddable":true,"href":"https:\/\/www.protopopiatebn.ro\/index.php\/wp-json\/wp\/v2\/users\/5"}],"replies":[{"embeddable":true,"href":"https:\/\/www.protopopiatebn.ro\/index.php\/wp-json\/wp\/v2\/comments?post=48"}],"version-history":[{"count":5,"href":"https:\/\/www.protopopiatebn.ro\/index.php\/wp-json\/wp\/v2\/pages\/48\/revisions"}],"predecessor-version":[{"id":175,"href":"https:\/\/www.protopopiatebn.ro\/index.php\/wp-json\/wp\/v2\/pages\/48\/revisions\/175"}],"wp:attachment":[{"href":"https:\/\/www.protopopiatebn.ro\/index.php\/wp-json\/wp\/v2\/media?parent=48"}],"curies":[{"name":"wp","href":"https:\/\/api.w.org\/{rel}","templated":true}]}}